-4*x - 5*u. Let z(k) = 4 - 2*k + 4*k + 4*k - 3*k**2 + 4*k**2. Determine z(x).
-1
Let f(q) = -q**3 - 4*q**2. Let k(h) = h**2. Let d(a) = -f(a) - 3*k(a). Let w(g) = -2*g - 16. Let b be w(-8). Determine d(b).
0
Let s(u) = -u**3 - 3*u**2 + u - 6. Let l be s(-3). Let k(o) = 3*o + 11. Give k(l).
-16
Let q(g) = g**3 + 5*g**2 - 4. Let p = 12 - 17. Calculate q(p).
-4
Let r(h) = -h**3 + 3*h**2 + h - 4. Let f be ((-8)/(-6))/((-40)/(-90)). Calculate r(f).
-1
Let u be 32/6 - (26/6 - 5). Let x(s) be the first derivative of -s**4/4 + 2*s**3 - s**2/2 - 7*s - 2. Determine x(u).
-13
Let l(m) = -m - 9. Suppose -i = 3*i. Suppose i = 8*d - 3*d + 20. Give l(d).
-5
Let k be 1*(-1 - -2 - -1). Let o(s) = -3*s**2 - 4 - s + 7*s + 4*s**k. Give o(-6).
-4
Suppose -3*v + 7 = -11. Let p(l) = l**2 + 3*l - 3. Let z(u) = u**2 + 4*u - 4. Let s(r) = v*p(r) - 5*z(r). Determine s(2).
2
Let b = -4 - -6. Let o(w) be the second derivative of -w**5/20 + w**4/12 + w**2/2 + 10*w. Determine o(b).
-3
Let k(j) = -j**2 - j. Let d be -1*(0 - 1)*4. Suppose -3*a + a = d, -2*a - 12 = 2*i. Let g(l) = -l - 5. Let q be g(i). Give k(q).
0
Let h be ((-2)/4)/(1/(-2)). Let x = 3 + h. Let l(q) = -3 - q**2 + q + 2 + x. Calculate l(-3).
-9
Let q(b) = 8*b**2 + 8*b + 13. Let y(f) = 2*f**2 + 2*f + 3. Let o(u) = 2*q(u) - 9*y(u). Suppose 0*s = -3*s - 6. Determine o(s).
-5
Suppose 4*d + 3 = 4*g + 31, -5*d - 1 = 4*g. Let i(x) = 2*x**2 + d*x - 4 - 2*x - 3*x**2. Calculate i(0).
-4
Let s(a) = -4*a + a**2 + 6 + 10 + 7 - 28. Give s(4).
-5
Let t be -1 - (6 - (3 - 2)). Let u(l) = l**2 + 8*l + 1. Let g be u(t). Let n = g - -7. Let i(j) = j**2 + 3*j + 5. Give i(n).
9
Let l(d) be the second derivative of -d**4/12 + d**3 - d**2 - 9*d. What is l(5)?
3
Suppose -t - 6 = -3*t. Let z(m) = -m + 3. Determine z(t).
0
Let i(n) = 3*n**3 - 2*n**2 + 2*n + 2. Let x(f) = f**3 + f**2 - f + 1. Let h(l) = i(l) - 2*x(l). What is h(3)?
3
Let j(x) = -x**2 + x + 1. Let p be j(0). Let z(l) = 2*l**2 - 5*l + 3. Let w(s) = s**2 + s - 1. Let c(k) = p*z(k) - w(k). What is c(4)?
-4
Let x(q) = 3*q - 3. Let g(u) = -u + 1. Let v(h) = -2*g(h) - x(h). Let d = 1 - 0. Suppose -a = -m - 4, -3*a + 7 = -m + d. Give v(m).
4
Suppose -5*k = 3*z - 4*z - 11, -2*z - 4 = -k. Let u(p) = 2 + 5*p - 7*p**2 + 7*p**2 + 0*p**2 - p**k. Give u(6).
-4
Let a(p) = -2*p + 4. Suppose 56 = 2*q + 50. Give a(q).
-2
Let a(g) be the second derivative of 0*g**4 - g + 0 - 1/20*g**5 + 1/6*g**3 - 3/2*g**2. Let r(n) be the first derivative of a(n). Give r(-1).
-2
Let h(n) = n**3 - 5*n**2 - n + 3. Suppose r - 3*f = -f - 3, -2*r = 2*f - 18. Give h(r).
-2
Let o be (4 + -3)*(4 + -3). Let q(s) = -6*s**2 + 1. What is q(o)?
-5
Let y(l) = -1 - 81*l**2 - l + 1 + 83*l**2 - l**3. Give y(2).
-2
Suppose 4 - 10 = 3*f. Let h = -1 + f. Let x(d) = -7*d**2 - 6*d + 9. Let s(u) = -15*u**2 - 13*u + 19. Let t(v) = 6*s(v) - 13*x(v). Determine t(h).
6
Let t(q) be the third derivative of 0 - 1/3*q**4 + q**3 + 2*q**2 + 1/60*q**5 + 0*q. Determine t(5).
-9
Suppose 5*t - 2*l - 3 = -8, 0 = -5*t - l + 10. Let u(m) = -4*m**2 - 2*m. Let k(o) = -2*o**2 - o. Let j(z) = -5*k(z) + 3*u(z). Determine j(t).
-3
Let t = -30 - -27. Let n(p) = p**2 - 7*p + 6. Let r be n(7). Let v(o) = -2*o**3 - 1 - 3*o**2 + 3*o**3 + r*o**2. What is v(t)?
-1
Let f(n) = 11*n + 3. Let h = 91 + -93. Determine f(h).
-19
Let f(g) = g**2 - 4*g - 7. Let m be (-4 - (-33)/15)/((-3)/10). Give f(m).
5
Suppose -4*c = -0*c. Let q(z) = -z**2 + 0 + 3 + c - 3*z. Give q(-4).
-1
Suppose f + 4*y = y + 13, -22 = -4*f - 2*y. Let x(o) = -3*o + 3. What is x(f)?
-9
Let t(u) = u**2 - u - 2. Let z(x) = -x**2 - 9*x - 8. Let v = 6 - 14. Let b be z(v). Suppose -i + 4*i - 6 = b. Determine t(i).
0
Let h(g) be the second derivative of -g**5/20 + g**4/12 + g**3/6 + 5*g**2 - 8*g. What is h(0)?
10
Let i(j) = -2*j + 4*j + 0*j + 7 - 10 - 5*j**2 + j**3. Let k = 1 - -4. Determine i(k).
7
Let a(h) = -2*h**2 - 5*h + 3*h**2 + h**2 - 3. Let r be a(4). Let q(y) = -r*y + 3*y + 0 - y**2 - 1. Calculate q(-5).
4
Let g(y) = 5*y**2 - 11*y + 4. Let a(o) = -o**2 + o. Let h(j) = -4*a(j) - g(j). Let p be (-10)/15*(-18)/4. Determine h(p).
8
Let a(q) = 75*q**3 + 5*q**2 - 5*q - 16. Let w(g) = 15*g**3 + g**2 - g - 3. Let k(r) = -2*a(r) + 11*w(r). What is k(-1)?
-14
Let j be 2*6/20*5. Let t(f) = 5*f - 6. Let y(b) = 4*b - 6. Let w(c) = 3*t(c) - 4*y(c). Determine w(j).
3
Let s = 11 - 26. Let m(r) = 21*r - 57. Let f(w) = -3*w + 8. Let j(t) = s*f(t) - 2*m(t). Calculate j(5).
9
Let s(k) be the first derivative of -3*k**3/2 + 2*k - 2. Let j(n) be the first derivative of s(n). Let d be 5/10 - (-6)/(-4). Give j(d).
9
Let o(c) be the third derivative of 1/24*c**4 + 0*c + 2/15*c**5 - 1/6*c**3 + 4*c**2 + 0. Calculate o(1).
8
Suppose 10 = -2*w - y - 6, -4*y + 8 = 0. Let b(p) = -p - 1. Let s(c) = c**2 + 3*c - 12. Let d(g) = -5*b(g) + s(g). What is d(w)?
2
Let d(k) = k**3 - 2*k**2 + 1. Let y be d(2). Let b be 24/15 - (-4)/10. Let i(f) = -y - f + 0*f - b*f. Give i(-2).
5
Suppose 3*a + 2*d - 4*d + 28 = 0, d = -2*a - 7. Let s(w) = -w**3 - 7*w**2 - 7*w - 4. Calculate s(a).
2
Let b(j) = -4*j**3 - j + 1. Let h = 8 - 5. Suppose 4*v + 2*q - h*q + 13 = 0, 0 = 4*v + 2*q + 22. Let c be v/(-18) - (-21)/27. What is b(c)?
-4
Let s = 101 + -94. Let x(t) = t - 8. What is x(s)?
-1
Let y(a) = a**3 + 6*a**2 + 5*a + 1. Suppose t - 2 + 27 = -4*u, -4*u = 5*t + 45. Calculate y(u).
1
Suppose 4*h - 5*a + 7 = 0, 2*a - 7*a + 15 = 0. Let i(v) = 0*v + 2 + 0 - 6*v + h*v - v**2. Determine i(-5).
-3
Let d be ((-1)/2)/(2/(-12)). Let u(h) = 7 + 12 + d*h - 17. Give u(2).
8
Suppose -4 = -a - 15. Let w = a + 15. Let g(d) = -d - 1. What is g(w)?
-5
Let b be 0/1 + 6/(-1). Let t(r) = r + 4. Let m be t(b). Let l = -3 - m. Let y(i) = -5*i**2 - 2*i - 1. Give y(l).
-4
Let i(f) = f**2 - 2*f - 1. Let t(z) = z**2 - z. Let q(x) = 6*i(x) - 7*t(x). What is q(-4)?
-2
Let k(x) be the first derivative of -x**3/3 + 3*x**2 - 3*x + 17. What is k(6)?
-3
Suppose 4*n - 18 = 2. Suppose 0 = -4*i + n*h + 20, i + 4*i = -4*h + 25. Let q(u) = u**2 - 3*u - 2. Determine q(i).
8
Let j(h) = h**2 - 5*h + 4. Let b(a) = -a**3 + 9*a**2 + a - 5. Let z be b(9). Suppose 0 = -z*f + 3*p + 15, 4*f = 2*f - 5*p + 1. Determine j(f).
-2
Suppose -u - 2*u - 3*o = 6, 5*o = 3*u - 2. Let j(v) = -15*v**3 + 2*v**2 + v. Calculate j(u).
16
Let y be (-2)/(-4) - 2/(-4). Let a be (-2)/(-6) - y/3. Let m(v) be the second derivative of -v**5/20 - v**4/12 + 5*v**2/2 + 8*v. Calculate m(a).
5
Let w(s) = -26*s - 15. Let m(h) be the first derivative of 5*h**2/2 + 3*h + 4. Let a(q) = 11*m(q) + 2*w(q). Give a(-3).
-6
Let j(i) = i + 1. Suppose 5*n = -2*p, n - 5*p = 6*n. What is j(n)?
1
Let f(s) = s**2 - 6*s + 3. Let z(c) = c + 9. Let k be z(-4). Calculate f(k).
-2
Let c(l) = 5 - 3*l + 4*l - 6*l**2 + 7*l**2 - 2*l. Let w(x) = -x**3 - 4*x**2 - 3*x + 3. Let s be w(-3). Let n = s - 3. Give c(n).
5
Let n(x) be the second derivative of x**4/12 - x**3/3 + x**2/2 + 2*x. Let u(d) = 5*d - 1. Let o be u(1). What is n(o)?
9
Let o(z) = z**2 - 1. Let n(s) = -1. Let d(v) = n(v) - 2*o(v). Give d(1).
-1
Let p(x) be the first derivative of -x**3/3 - 5*x**2/2 - 6*x + 53. Calculate p(-5).
-6
Let r(v) be the second derivative of -5*v**3/6 + v**2 + 4*v. What is r(2)?
-8
Let i(y) = -4*y - 9. Let l(n) = 5*n + 9. Let p(j) = -4*i(j) - 3*l(j). Give p(-9).
0
Let n(k) = -2*k - 11. Let r(q) = -4*q - 21. Let j(w) = 5*n(w) - 3*r(w). Calculate j(-6).
-4
Let p(n) = -4*n - 6 - 3*n + n**2 - 3*n**2 + n**2. What is p(-6)?
0
Suppose 0 = -2*w - 12. Let f(k) = k**3 + 6*k**2 + 2*k + 9. What is f(w)?
-3
Let a be (-3 - 1)/((-22)/55). Let p(d) = d**3 + 2*d**2 + 2 + a*d - 10*d. Calculate p(-2).
2
Let y(u) = -u + 8. Let m(z) = -1. Let k = 3 + 0. Let t(h) = k*m(h) - y(h). Suppose -5*c + 25 = -2*v, 2*v + 15 = v + 3*c. Give t(v).
-11
Let z(l) be the third derivative of -l**7/840 + l**5/30 - 2*l**2. Let x(t) be the third derivative of z(t). Let y = -63 - -64. Calculate x(y).
-6
Let n(r) = -r**3 + r**2. Let i(m) = -3*m**3 - 1 - 2*m - m + 0*m**3 + 2*m**2 + 4*m**3. Let v(l) = -i(l) - 2*n(l). What is v(3)?
1
Let j(w) = 1. Let t(x) = 2*x - 7. Let k(l) = 14*j(l) + 2*t(l). Determine k(2).
8
Suppose k + 16 = 5*k. Suppose 3*b + 0*b + 12 = 0, 0 = -3*v - 5*b - 14. Let g(j) = j**v + 4*j**2 - 6 - 6*j**2 + 5*j. Give g(k).
-2
Let d(p) = 5*p - 15. Let i(y) = -3*y + 8. Let v(a) = -6*d(a) -